= -2*n. Suppose 4*b = 2*a - 68, 7*b + 20 = n*b. Calculate the remainder when a is divided by 13.
11
Suppose 2*d - 13 + 5 = 0. Suppose 0 = -13*x + 11*x. Calculate the remainder when d is divided by x + 3*2/2.
1
Suppose -17*l - 125 = -22*l. What is the remainder when l is divided by 9?
7
Suppose 0 = -p + 2*l + l + 8, 0 = 2*p - 4*l - 14. Suppose -p*f - 15 = -180. Calculate the remainder when 64 is divided by f.
31
Let f(q) = q**2 + 7*q - 5. Let b be f(-9). Let w = 39 - b. Let z = -2 + 11. Calculate the remainder when w is divided by z.
8
Suppose -h = -6*h + 115. Suppose a = -5*r + 26 + 12, 0 = r - 2*a - 12. What is the remainder when h is divided by r?
7
Suppose 5*d - 20 = 3*d. Let s = 25 - d. What is the remainder when 72 is divided by s?
12
Let h be 40/(-18) + (-2)/(-9). Let g = h - -12. What is the remainder when 28 is divided by g?
8
Let i(g) = g**3 - 9*g**2 + 10*g - 5. What is the remainder when 2/(-10) + 156/5 is divided by i(8)?
9
What is the remainder when 107/(4 + (-15)/5) is divided by 28?
23
Suppose -4*i + 3*x = -20, 2*i + i = 3*x + 18. Suppose -2*n = i*d - 32, -3*d = 3*n + d - 53. What is the remainder when 149/7 + 6/(-21) is divided by n?
10
Let i = 6 + -2. Suppose 0*p - 4*a = i*p - 20, 4*p = -2*a + 18. Suppose -5*r = 3*u - 43, p*r - 30 = 5*u - 151. Calculate the remainder when u is divided by 11.
10
Let m(a) = -a + 8. Calculate the remainder when 100 is divided by m(-18).
22
Let u = 224 - 190. What is the remainder when u is divided by 12?
10
Let t be (8 + -2)*(-1)/3. What is the remainder when 55 is divided by 21 - t*1/(-1)?
17
Suppose 6 = m - 3. Calculate the remainder when 390/m - 3/9 is divided by 15.
13
Suppose 55 = -8*a + 903. What is the remainder when a is divided by 36?
34
Let o(r) = 2*r - 4*r**2 + r + 6*r**2 - r - 2. Calculate the remainder when 3 is divided by o(-2).
1
Suppose 10 = 5*n + 2*c + 21, -11 = 2*n + 3*c. Let s(m) = 38*m**2 - 2*m - 2. What is the remainder when s(n) is divided by 20?
18
Let w(u) = -4*u - 3. Let l(i) = i**3 - 2*i**2 - 5*i - 3. Calculate the remainder when w(-5) is divided by l(4).
8
Suppose 2*j + 44 = 2*n - 106, j + 303 = 4*n. What is the remainder when n is divided by 39?
37
Suppose -2*w - 5*m = -9*m - 32, -3*w + 4*m = -38. What is the remainder when (21*1)/(-1)*-1 is divided by w?
3
Let h(t) = -4*t**2 + 2*t + 1. Let s be h(-1). Let z = s + 12. Calculate the remainder when 19 is divided by z.
5
Let p(j) = j**3 - 3*j**2 - 2*j - 1. Let f be p(3). Let w = 0 - f. Calculate the remainder when w is divided by 4.
3
Suppose -10 = 2*x - 4*x. Suppose 2*z + z + 33 = 2*r, x*r - 2*z - 66 = 0. What is the remainder when 35 is divided by r?
11
Suppose 10 = r - 48. What is the remainder when r is divided by 1 + 1 - (-20 + 2)?
18
Let j(r) = r**3 + 4*r**2 + 1. Suppose 0 = v - 2*v - 4. Calculate the remainder when j(v) is divided by 1.
0
Let j = 17 + 5. What is the remainder when 41 is divided by j?
19
Let x(w) = -w + 8. Suppose -4*t = 5*o - 216, 5*o - 2*o = -4*t + 224. Calculate the remainder when t is divided by x(-7).
14
Let o = 44 + -21. Calculate the remainder when 91 is divided by o.
22
Let v = 223 + -200. Let a = 3 - -2. What is the remainder when v is divided by a?
3
Let u = -12 + 3. What is the remainder when 63 is divided by u*(88/(-12))/2?
30
Suppose 0*j = 2*j - 18. Let m be (-5)/15*(1 + 2). Calculate the remainder when (14 + -16)/(m/8) is divided by j.
7
Suppose 263 = 4*t + 51. Calculate the remainder when t is divided by 14.
11
Suppose 3*m - 1 = 2*m. Let d(g) = 17*g - 2. Calculate the remainder when d(m) is divided by 6.
3
Let g(y) = -6*y - 2. Suppose -207 + 1231 = 4*c. Suppose -5*t = -t - c. Calculate the remainder when t is divided by g(-4).
20
Let k(p) = -p**3 - 8*p**2 - 7*p + 1. Let i be k(-7). Let n = -8 + i. Let m(y) = y**3 + 6*y**2 - 8*y + 3. What is the remainder when 19 is divided by m(n)?
9
Let n(d) = -d + 2. Let w(f) = 4*f + 8. Let s be w(-4). Suppose 3*k - 4*o - 99 = 0, 191 = 7*k - 2*k + 2*o. Calculate the remainder when k is divided by n(s).
7
Let a = 30 + -26. Suppose 5*b + a*g = 52, -4*b + 38 = 3*g + 2*g. Calculate the remainder when 34 is divided by b.
10
Suppose 2*p + 3*p - 286 = k, 4*k = 3*p - 175. Calculate the remainder when p is divided by 30.
27
Suppose 2*n - l - 708 = 0, 708 = 3*n - n - 2*l. Calculate the remainder when n is divided by 71.
70
Let k = -5 - -10. Suppose 4*z + 9*u = 4*u + 10, 3*z = 3*u - 6. Suppose k*t = 5*x - 20 - 100, -3*x - t + 92 = z. Calculate the remainder when x is divided by 10.
9
Let s = -11 - 22. Let g = 71 + s. What is the remainder when g is divided by 20?
18
Let s(m) = m**3 + 17*m**2 - 3*m + 8. Calculate the remainder when s(-17) is divided by 10.
9
Suppose -2*l + 3 - 5 = 0, 0 = v + l - 1. Suppose -v*y = 2*y - 52. Calculate the remainder when y is divided by 7.
6
Suppose 4*n = 4*g - 8*g + 36, -g = 5*n - 57. Calculate the remainder when n is divided by 5.
2
Let a = -13 - -16. Let l = -4 - -6. Suppose 4*f + 28 = l*h - 0*f, -h = a*f + 11. What is the remainder when h is divided by 3?
1
Suppose 0*h - 20*h = -60. Let l = 179 + -122. What is the remainder when l/5 - (-6)/(-15) is divided by h?
2
Let d(j) = -j**3 + 6*j**2 - 2*j. Calculate the remainder when 42 is divided by d(5).
12
Suppose -u = -1 - 3. Let m(p) = p**2 - 2. Calculate the remainder when m(3) is divided by u.
3
Suppose 26 - 67 = -x + 3*m, 5*x - 145 = 3*m. What is the remainder when x is divided by ((-2)/(-4))/(1/18)?
8
Suppose -129 = -4*k - i, 2*k - 147 = -2*k + 5*i. What is the remainder when k is divided by 10?
3
Suppose -3*o + 5*o = x + 22, 0 = -2*x. Calculate the remainder when o is divided by 4.
3
Let c = -91 - -104. What is the remainder when -2 - (1 - 0 - 41) is divided by c?
12
Let m = 42 + -31. What is the remainder when m is divided by 6?
5
Suppose -58 = -3*g - 1. Suppose -5*k = 41 - 11. Let y = k + 11. Calculate the remainder when g is divided by y.
4
Suppose -4*p + 10 = -0*p + g, -5*g - 13 = -p. Let c(o) = o + 2. What is the remainder when 26/p + (-1)/(-3) is divided by c(3)?
4
Let x be ((-8)/(-12))/((-4)/(-30)). Suppose -66 = -x*o - 1. Calculate the remainder when o is divided by 4.
1
Let x(r) be the second derivative of 5*r**3/3 - r. What is the remainder when x(1) is divided by 4?
2
Suppose m - 3*m = -2, 3*b - 4 = 2*m. Suppose -111 = -3*t - 6*s + 2*s, -4*t + b*s + 148 = 0. Calculate the remainder when t is divided by 13.
11
Let i(y) = -9*y - 5. What is the remainder when 50 is divided by i(-2)?
11
Let k be (-46)/(-14) + 8/(-28). Suppose 0 = 3*t - k - 42. Calculate the remainder when t is divided by 9.
6
Let t = -125 - -157. Let g = 24 + -7. What is the remainder when t is divided by g?
15
Calculate the remainder when (-3200)/(-30) + (-8)/(-6) is divided by 11.
9
Let b = 26 - -1. Let h(g) = -g**2 - 11*g + 15. What is the remainder when b is divided by h(-11)?
12
Suppose -164 = -4*f - 0*f. Suppose 3*z - 7 - f = 0. Calculate the remainder when 45 is divided by z.
13
Let w = -5 - -13. Suppose -6*r = -r + 3*y - 6, y - 2 = -2*r. Suppose r = -2*c + w. Calculate the remainder when c is divided by 3.
1
Calculate the remainder when -12 + 9 + 32/2 is divided by 8.
5
Let b(d) = d**2 + 9*d + 5. Let y be b(-7). Let o = 31 - y. Suppose 5*c - 54 = 16. Calculate the remainder when o is divided by c.
12
Let l(y) be the first derivative of 2*y**3/3 + 7*y**2/2 + 4*y - 3. What is the remainder when l(-4) is divided by -2 + 8 + -1 + -2?
2
Let m = -10 + 30. Suppose -12*h + m = -8*h. Calculate the remainder when h is divided by 3.
2
Let i(z) = 19*z - 4. Calculate the remainder when i(2) is divided by 13.
8
Let v(d) = -4*d - 2 - 4*d + 7. Let w(q) = q**2 - 13*q + 15. Let b be w(11). Calculate the remainder when v(b) is divided by 21.
19
Let z(o) = -o**3 - 2*o**2 - o. Calculate the remainder when 2 is divided by z(-2).
0
Let c(k) = k**3 + 2*k**2 - k - 1. Let j be c(-2). Let n be 41*(5 - 0 - j). Suppose -n = -o - 3*o. What is the remainder when o is divided by 21?
20
Suppose 0 = -3*k - 2*k + 250. Let n = k - 17. Calculate the remainder when 12 is divided by (-2)/(-5) - n/(-5).
5
Suppose 27 + 17 = 2*b - 4*n, 5*n + 103 = 4*b. Let t be (0 - 0) + 2/1. Calculate the remainder when b is divided by t/(2/17)*1.
15
Let s = 14 + -10. Suppose 16 = s*b + 4*k, 0*b - 2*b - 5*k + 8 = 0. Let f = 1 + 2. Calculate the re